f 18294?
2, 3, 3049
What are the prime factors of 23123?
19, 1217
What are the prime factors of 6678?
2, 3, 7, 53
List the prime factors of 46.
2, 23
List the prime factors of 2548.
2, 7, 13
What are the prime factors of 1052?
2, 263
List the prime factors of 1108.
2, 277
What are the prime factors of 23675?
5, 947
What are the prime factors of 11723?
19, 617
What are the prime factors of 43798?
2, 61, 359
What are the prime factors of 184?
2, 23
List the prime factors of 3445.
5, 13, 53
What are the prime factors of 83829?
3, 27943
List the prime factors of 30335.
5, 6067
List the prime factors of 902.
2, 11, 41
List the prime factors of 59207.
59207
What are the prime factors of 13205?
5, 19, 139
What are the prime factors of 149785?
5, 29, 1033
List the prime factors of 2098.
2, 1049
What are the prime factors of 13003?
13003
What are the prime factors of 9352?
2, 7, 167
What are the prime factors of 2097?
3, 233
What are the prime factors of 1504?
2, 47
List the prime factors of 1207.
17, 71
What are the prime factors of 4539?
3, 17, 89
What are the prime factors of 152?
2, 19
List the prime factors of 35071.
17, 2063
List the prime factors of 1866.
2, 3, 311
What are the prime factors of 13233?
3, 11, 401
What are the prime factors of 1184?
2, 37
What are the prime factors of 94119?
3, 137, 229
List the prime factors of 3159.
3, 13
List the prime factors of 748.
2, 11, 17
What are the prime factors of 1166?
2, 11, 53
List the prime factors of 842.
2, 421
List the prime factors of 989.
23, 43
What are the prime factors of 24393?
3, 47, 173
What are the prime factors of 7181?
43, 167
List the prime factors of 13955.
5, 2791
List the prime factors of 5431.
5431
List the prime factors of 3188.
2, 797
What are the prime factors of 91325?
5, 13, 281
What are the prime factors of 259?
7, 37
List the prime factors of 992.
2, 31
What are the prime factors of 2697?
3, 29, 31
List the prime factors of 6718.
2, 3359
What are the prime factors of 39362?
2, 19681
List the prime factors of 15644.
2, 3911
List the prime factors of 7705.
5, 23, 67
List the prime factors of 3642.
2, 3, 607
List the prime factors of 7137.
3, 13, 61
What are the prime factors of 5228?
2, 1307
List the prime factors of 10230.
2, 3, 5, 11, 31
List the prime factors of 14282.
2, 37, 193
List the prime factors of 2377.
2377
List the prime factors of 235.
5, 47
List the prime factors of 19939.
127, 157
List the prime factors of 54806.
2, 67, 409
What are the prime factors of 3896?
2, 487
What are the prime factors of 1875?
3, 5
List the prime factors of 896.
2, 7
What are the prime factors of 1232?
2, 7, 11
List the prime factors of 38929.
11, 3539
What are the prime factors of 12519?
3, 13, 107
What are the prime factors of 1733?
1733
List the prime factors of 22481.
22481
What are the prime factors of 3202?
2, 1601
What are the prime factors of 1369?
37
List the prime factors of 2334.
2, 3, 389
What are the prime factors of 4909?
4909
List the prime factors of 1361.
1361
What are the prime factors of 89709?
3, 17, 1759
List the prime factors of 1540.
2, 5, 7, 11
What are the prime factors of 35627?
23, 1549
What are the prime factors of 1399?
1399
List the prime factors of 122183.
61, 2003
List the prime factors of 960.
2, 3, 5
List the prime factors of 1807.
13, 139
List the prime factors of 78869.
7, 19, 593
What are the prime factors of 94?
2, 47
What are the prime factors of 214?
2, 107
What are the prime factors of 2240?
2, 5, 7
List the prime factors of 1710.
2, 3, 5, 19
List the prime factors of 14602.
2, 7, 149
List the prime factors of 122352.
2, 3, 2549
What are the prime factors of 21113?
43, 491
What are the prime factors of 130242?
2, 3, 7, 443
What are the prime factors of 2254?
2, 7, 23
List the prime factors of 110.
2, 5, 11
List the prime factors of 1462.
2, 17, 43
List the prime factors of 30827.
29, 1063
What are the prime factors of 2088?
2, 3, 29
List the prime factors of 3216.
2, 3, 67
What are the prime factors of 29284?
2, 7321
What are the prime factors of 44897?
17, 19, 139
What are the prime factors of 1741?
1741
List the prime factors of 16996.
2, 7, 607
What are the prime factors of 19779?
3, 19, 347
What are the prime factors of 425?
5, 17
List the prime factors of 1414.
2, 7, 101
List the prime factors of 15633.
3, 193
List the prime factors of 12974.
2, 13, 499
What are the prime factors of 858?
2, 3, 11, 13
List the prime factors of 36.
2, 3
What are the prime factors of 51166?
2, 25583
List the prime factors of 1891.
31, 61
List the prime factors of 1375.
5, 11
What are the prime factors of 12231?
3, 151
List the prime factors of 96931.
96931
What are the prime factors of 95077?
31, 3067
List the prime factors of 15785.
5, 7, 11, 41
List the prime factors of 734.
2, 367
List the prime factors of 5393.
5393
What are the prime factors of 35573?
35573
List the prime factors of 3482.
2, 1741
What are the prime factors of 5194?
2, 7, 53
List the prime factors of 1257.
3, 419
What are the prime factors of 2511?
3, 31
What are the prime factors of 9234?
2, 3, 19
List the prime factors of 61651.
61651
List the prime factors of 28984.
2, 3623
List the prime factors of 7292.
2, 1823
List the prime factors of 682.
2, 11, 31
What are the prime factors of 3684?
2, 3, 307
List the prime factors of 20646.
2, 3, 31, 37
List the prime factors of 7533.
3, 31
List the prime factors of 8498.
2, 7, 607
What are the prime factors of 39673?
97, 409
What are the prime factors of 853?
853
List the prime factors of 11256.
2, 3, 7, 67
List the prime factors of 2036.
2, 509
List the prime factors of 804.
2, 3, 67
What are the prime factors of 29160?
2, 3, 5
List the prime factors of 330.
2, 3, 5, 11
List the prime factors of 4081.
7, 11, 53
What are the prime factors of 13076?
2, 7, 467
List the prime factors of 1284.
2, 3, 107
What are the prime factors of 11227?
103, 109
List the prime factors of 134999.
134999
What are the prime factors of 414?
2, 3, 23
List the prime factors of 10616.
2, 1327
What are the prime factors of 4059?
3, 11, 41
List the prime factors of 2367.
3, 263
List the prime factors of 112586.
2, 41, 1373
What are the prime factors of 129781?
233, 557
List the prime factors of 30986.
2, 15493
What are the prime factors of 8350?
2, 5, 167
What are the prime factors of 1648?
2, 103
List the prime factors of 42926.
2, 13, 127
What are the prime factors of 39793?
13, 3061
List the prime factors of 709.
709
List the prime factors of 858.
2, 3, 11, 13
What are the prime factors of 8687?
7, 17, 73
What are the prime factors of 527?
17, 31
What are the prime factors of 45292?
2, 13, 67
What are the prime factors of 590?
2, 5, 59
What are the prime factors of 1381?
1381
List the prime factors of 1966.
2, 983
What are the prime factors of 5637?
3, 1879
What are the prime factors of 4665?
3, 5, 311
List the prime factors of 5019.
3, 7, 239
List the prime factors of 845.
5, 13
List the prime factors of 822.
2, 3, 137
List the prime factors of 81722.
2, 29, 1409
What are the prime factors of 728?
2, 7, 13
List the prime factors of 35792.
2, 2237
What are the prime factors of 127790?
2, 5, 13, 983
What are the prime factors of 14281?
14281
List the prime factors of 2652.
2, 3, 13, 17
List the prime factors of 2572.
2, 643
What are the prime factors of 6902?
2, 7, 17, 29
List the prime factors of 30457.
7, 19, 229
What are the prime factors of 4016?
2, 251
What are the prime factors of 998?
2, 499
List the prime factors of 32450.
2, 5, 11, 59
What are the prime factors of 1944?
2, 3
What are the prime factors of 374?
2, 11, 17
What are the prime factors of 410?
2, 5, 41
List the prime factors of 41041.
7, 11, 13, 41
What are the prime factors of 38598?
2, 3, 7, 919
List the prime factors of 129882.
2, 3, 21647
List the prime factors of 187129.
187129
What are the prime factors of 5275?
5, 211
List the prime factors of 50517.
3, 1871
What are the prime factors of 55664?
2, 7, 71
What are the prime factors of 6869?
6869
What are the prime factors of 10323?
3, 31, 37
What are the prime factors of 40056?
2, 3, 1669
What are the prime factors of 5?
5
What are the prime factors of 762?
2, 3, 127
What are the prime factors of 10421?
17, 613
List the prime factors of 77